24*q**2 + 2*q - 1. Let u(s) = 4 + 3*s + 33*s**2 + 10*s**2 - 31*s**2. What is the remainder when x(1) is divided by u(-1)?
12
Let c = 5379 - 5175. Calculate the remainder when 723 is divided by c.
111
Suppose -6*i = 15623 - 15989. Suppose 0 = -2*k + 155 + 55. Calculate the remainder when k is divided by i.
44
Suppose w = -2*s + 25 - 20, 2*s = -4. What is the remainder when 91 is divided by (-276)/(-9)*w/12*2?
45
Let c(b) = -4*b + 5*b + 12*b**3 - b**2 + 2 + 0*b. Let j be c(-1). Let i(s) = -3*s - 9. What is the remainder when 107 is divided by i(j)?
26
Suppose 14*m - 7790 = -62. Suppose m = 5*o - 508. What is the remainder when o is divided by 27?
23
Suppose 443 = 3*f - h + 383, -120 = -3*f - 4*h. Suppose -8*s = -3*s - 355. What is the remainder when s is divided by f?
23
Suppose a - 145 - 94 = 0. Suppose 0 = 3*d - t - 83, -9*d + 6*d + 61 = t. Calculate the remainder when a is divided by d.
23
Let u(a) = 2*a**3 - 6*a**2 + 6*a + 7. Let w be u(4). Suppose -4*k = 2*q - 62, 3*q = -2*q + 25. Calculate the remainder when 6414/126 - (-6)/w is divided by k.
12
Let m(b) = b**3 - 26*b**2 + 10*b - 238. What is the remainder when 697 is divided by m(26)?
15
Suppose -5*l = -2*n + 230, 0 = 4*n - 5*l - 537 + 87. Calculate the remainder when 332 is divided by n.
2
Suppose -8407 = -13*m - 2869. Let c = m - 410. Calculate the remainder when 223 is divided by c.
15
Suppose 2*k + 16 = 4*c + 6, 3*c - 5*k - 18 = 0. Calculate the remainder when (21 + -68)*(-8*c)/2 is divided by 19.
17
Let q(p) = 2*p**2 - 6 - 11*p**3 - 40*p**3 + p + 8*p**3 + 6. Suppose -72 = -5*u - 12. Calculate the remainder when q(-1) is divided by u.
8
What is the remainder when (21 - 11)*(-1)/2 + 2043/3 is divided by 12?
4
Suppose 0 = -3*i + 2*o + 970, -4*i - 849 = -4*o - 2137. Let s = i + -148. What is the remainder when s is divided by 60?
58
Let t be ((-2*6)/(-3) + -8)/(-1). Suppose t*m - 7*q = 410, 3*q = 5*m + 6*q - 489. Calculate the remainder when m is divided by 20.
19
Suppose -156 = -5*j + f, -f - 28 = -j - 0*f. Let p(y) = -y**3 + 30*y**2 + 65*y - 23. What is the remainder when 26/2*2 + -1 is divided by p(j)?
7
Let m be ((-3)/(-9))/(3/27). Suppose 296 = m*x - 271. Suppose -x = -3*q + v, -7*q + 2*q - 5*v = -315. What is the remainder when q is divided by 32?
31
Suppose -3*c = -9*c + 60. Suppose 21*o - c*o - 616 = 0. What is the remainder when o is divided by 15?
11
Suppose -5*v + 108 = -212. What is the remainder when 77 is divided by v?
13
Let f(w) = -187*w**2 + 2328*w + 30. Calculate the remainder when 3145 is divided by f(12).
31
Let o(b) = 236*b - 6314. Calculate the remainder when 72 is divided by o(27).
14
Suppose -4*g = -7*g - j + 2706, 0 = j. Suppose 16*q + 214 = g. Calculate the remainder when q is divided by 15.
13
Suppose -197*c + 24394 = -30374 - 15758. What is the remainder when c is divided by 113?
19
Let q = 89 + -84. Suppose -2*a + 37 = q*o - 72, -5*o + 62 = a. What is the remainder when a is divided by 13?
8
Suppose 6*j + 843 = -315. Let d = j + 215. Calculate the remainder when 214 is divided by d.
16
Let n = 18539 + -18515. Calculate the remainder when (-142)/(-3) - (-1)/(-3) is divided by n.
23
Suppose -3*o + 47 = 4*d, 0*d - 3*d + 30 = 4*o. Suppose d = a + 4. What is the remainder when (0 - 75)*21/(-175)*5 is divided by a?
5
Let p = -144 - -139. Let f be 0 + (5/p - 83). Let y = 89 + f. Calculate the remainder when 5 is divided by y.
0
Suppose -2*f - 10*l = -8*l - 58, -139 = -5*f - 2*l. Suppose f*j = 25*j, 0 = -4*q - j + 340. Calculate the remainder when q is divided by 10.
5
Let r(b) = -94*b - 5755. Calculate the remainder when r(-65) is divided by 78.
43
Let t = 1555 + 2993. What is the remainder when t is divided by 14?
12
Suppose n + q = -25 + 203, 3*q - 6 = 0. Calculate the remainder when 1220 is divided by n.
164
Let v = -676 + 784. Suppose v*o - 113*o = -230. Calculate the remainder when 59 is divided by o.
13
Let y = 87 - 66. Let n be -2 + (-3)/(-1) + y. Suppose -5*b - n = -2*x, -59 = -3*x - b + 2*b. What is the remainder when 102 is divided by x?
18
Suppose 16*o - 25*o = -837. What is the remainder when 296 is divided by o?
17
Calculate the remainder when 8846 is divided by (-27)/(-1) - (88 + -77).
14
Let m(g) = g**3 - 4*g**2 - 72*g + 146. What is the remainder when 61 is divided by m(10)?
9
What is the remainder when (-9)/(-2) + (-46935)/(-298) is divided by 44?
30
Suppose 4*s - 19 = -p, 95 = 5*p + 5*s - 3*s. What is the remainder when 245 is divided by p?
17
Suppose -7*n + 4*n + 9 = 0. Let i(b) = -2*b**2 + 14*b**n - 4 + b + 0*b**2 - 17*b**3 - 4*b. What is the remainder when 48 is divided by i(-2)?
12
Let h(f) = -11*f + 21. Let k(s) = s**3 - 7*s**2 + s - 7. Let d be k(7). Calculate the remainder when 57 is divided by h(d).
15
Suppose -3*d + k = 1110 + 37, 2*d - 2*k + 758 = 0. Let a = d + 455. Calculate the remainder when 201 is divided by a.
59
What is the remainder when 193 is divided by 124*1*(-17)/(-68)?
7
Let t(p) = -p**2 + 16*p - 13. Let q be t(15). Suppose -3*h - 3*w + 108 = 39, 3*h = q*w + 54. Calculate the remainder when 61 - -2*2/(-2) is divided by h.
19
Let z = 255 - 251. Suppose 3*d = 4*l + z, -4*d - 6 + 63 = 5*l. Calculate the remainder when 12 is divided by d.
4
Let p = 29 + -8. Let a = p - 14. What is the remainder when (-10)/(-4)*3*(-182)/(-35) is divided by a?
4
Let i = 23451 + -23081. Calculate the remainder when i is divided by 66.
40
Let c = -1493 - -1644. Calculate the remainder when 346 is divided by c.
44
Suppose 19*s = 15*s - 5*c + 398, -8*s + 874 = -3*c. What is the remainder when s is divided by 9?
8
Let v be ((-14)/(-6) - 9)*(0 - -3). Suppose -4*g - 33 - 1 = h, g = -2. What is the remainder when v/(-130) + (-230)/h is divided by 6?
3
Suppose -5*q + 118 = 3*i - 3*q, 0 = 4*i + 3*q - 158. Suppose 4*d - 34 = i. Calculate the remainder when (-3)/(d/50)*-3 is divided by 13.
12
Let t be 6*(36/162)/((-8)/(-18)). Suppose -107 = 2*h - 4*h + 5*y, -h + 37 = t*y. Calculate the remainder when h is divided by 26.
20
Let m(i) = 3*i**3 - 14*i**2 + 16*i + 4. What is the remainder when m(5) is divided by -6 - (-177)/30 - (-483)/30?
13
Suppose -9*f + 145 + 791 = 0. Suppose 38 = -4*b + 138. What is the remainder when f is divided by b?
4
Suppose 21*d - 965 = 2983. What is the remainder when d is divided by 16?
12
Let k = 181 + -27. Let j be (-31 - 6)/(-2 + -1 + 4). Let x = 63 + j. Calculate the remainder when k is divided by x.
24
Let g = -7 - -120. Suppose -880 = -66*p + 1826. Calculate the remainder when g is divided by p.
31
Let r = 81 + -73. Suppose -40 - r = -2*x. What is the remainder when 47 is divided by x?
23
Let w = 12193 - 12133. Calculate the remainder when 524 is divided by w.
44
Suppose -5*v + 4443 = -3617. Calculate the remainder when v is divided by 20.
12
Suppose 0*z = -z + 14. Let m(j) = 9*j**2 + j + 3. Let u be m(-2). Let y = -29 + u. Calculate the remainder when z is divided by y.
6
Suppose 0*y - 117 = -9*y. What is the remainder when 8880/78 + 2/y is divided by 23?
22
Let u = 957 - 502. Calculate the remainder when u is divided by 21.
14
Suppose 26*x - 7775 = -7619. Calculate the remainder when 42 is divided by x.
0
Let y(m) = 54*m + 1. Suppose 239*v - 914 = 4344. What is the remainder when y(2) is divided by v?
21
Suppose -34*t = 34*t - 72*t. Suppose -3*q + 2*a + 77 + 36 = t, -108 = -3*q - 3*a. What is the remainder when q is divided by (-3 - -1) + 16 + -4?
7
Let h(t) = -t + 1. Let m be h(1). Suppose -5*f + m*f + 65 = 0. What is the remainder when 64 is divided by f?
12
Suppose 423*f + 1885 = 428*f. Calculate the remainder when f is divided by 375.
2
Let m = 4083 - 4066. What is the remainder when m is divided by 10?
7
Let r = -4685 - -4902. Calculate the remainder when r is divided by 209.
8
What is the remainder when (40800/(-36))/(-20)*(-54)/(-10) is divided by 62?
58
Let a(b) = 9*b**2 + 4*b - 4. Suppose -24 = -7*x - 38. Calculate the remainder when a(x) is divided by 22.
2
What is the remainder when 14/(-8) - (-15 - (-314713)/(-28)) is divided by 67?
64
Suppose 0 = 5*t - 2*f - 3588, -2*t - f + 33 = -1413. Calculate the remainder when t is divided by 80.
0
Suppose -13*y - 13 + 13 = 0. Suppose y = -10*h + 935 - 15. Calculate the remainder when h is divided by 19.
16
Suppose 3 = -3*r - 3*s, -2*r - 4*s - 14 = -3*r. Calculate the rem